1 - 2)?
3
Let p = -220 + 10. Let m = 124 - p. What is the tens digit of m?
3
Let i be ((-11242)/12)/11 - (-5)/30. Let v = 65 + i. What is the units digit of -2 + (-9)/(-4) + (-955)/v?
8
Let q = 683 - -236. Suppose -q - 161 = -12*z. What is the tens digit of z?
9
Let o(q) = 2*q - 6. Let f be o(4). Suppose 4*i + f*p = 16, 10 = 3*i + p - 0. What is the units digit of 3 + i + -3 - -1?
3
Suppose -u + 136 = -3*u. Let s = -60 - u. Suppose -s*q = 2*q - 1010. What is the units digit of q?
1
Suppose -179 = -i - 4*z + 194, 2*i = -4*z + 754. Let s(c) = c**3 + 6*c**2 + 5*c - 3. Let h be s(-4). Suppose -h*p = -2172 + i. What is the units digit of p?
9
What is the units digit of 4525*(6 + -20 + 15)?
5
Let t = -87 + 188. Let j = t + -98. Suppose 0 = s - 2*v - 43 + 2, -j*s - 5*v = -68. What is the units digit of s?
1
Let d be (-337*21/14)/(2/12). What is the hundreds digit of 7/14*-1 + d/(-6)?
5
Let o be 18 - 4/(-8)*6. Suppose 3*r - o = -6. Suppose 0 = i - r, 4*c - 151 = 4*i + i. What is the units digit of c?
4
Let v(r) = 879*r - 42. Let y be (-3)/(-2)*(-20)/(-30). What is the hundreds digit of v(y)?
8
Let x be (2 - -1)/(20/6180) - -3. Let z = x + 3. What is the tens digit of z?
3
Let n(b) = b**2 + 4*b - 7. Let q be 2/9 + (-312)/(-54). Let m be n(q). What is the units digit of (-4)/8 + m/2?
6
Let v be (-546)/105 + 3/15. What is the hundreds digit of (-2)/(20/12875*v/2)?
5
Let c be (4 + -4 + 0)/(-2). Suppose -30*t + 28*t - 40 = c. What is the units digit of (t/(-8))/(-5)*-76?
8
Suppose -13*u = 62*u - 491459 - 281416. What is the thousands digit of u?
0
Let r(u) = -2306*u - 2707. What is the ten thousands digit of r(-9)?
1
Suppose -2*k = -48 + 36, -3*k = -4*g + 47690. What is the tens digit of g?
2
Let i(k) = k**3 - 14*k**2 + 25*k - 18. Suppose 7*h = 2*h + 65. What is the hundreds digit of i(h)?
1
Suppose 320*y - 306*y - 381 = 71635. What is the hundreds digit of y?
1
Suppose 0 = 2*w + 2*a - 33 + 29, -w - 3*a = 4. Suppose 4*o - 5*x - 540 = -x, 5*x - w = 0. What is the tens digit of o?
3
Let a(x) = -4*x + 276. Let f be a(0). Suppose -1722 = 273*n - f*n. What is the hundreds digit of n?
5
Suppose 0 = 7*o - 2*o + 320. Let b be (3632/o)/((-1)/4). Suppose -5*g + 113 = 3*x - b, 5*x - 350 = -5*g. What is the tens digit of g?
6
Let t(c) = 6*c**2 + 15*c + 97. Suppose -2*x = -g + 10, 5*x - g = 3*g - 22. What is the tens digit of t(x)?
2
Suppose 3*y + 186 - 174 = 0. What is the tens digit of ((-300)/y*5)/(15/10)?
5
Let j be 8*((-8)/(-6))/((-24)/(-18)). Let n = j - 10. What is the units digit of 1 + 2 - (-17 - (0 - n))?
2
Let c(f) = -34*f - 205*f + 98 + 42*f. What is the thousands digit of c(-5)?
1
Let c(i) = i + 3. Let v be c(-1). Suppose j = 5*x - 18, v*j + 2 = -x - 1. Suppose 2*g = x*t - 208 - 332, -4*t + 720 = 3*g. What is the hundreds digit of t?
1
Let o be (12172/10)/((-58)/(-145)). Let c = 4361 - o. What is the units digit of c?
8
Let d(x) be the third derivative of x**5/60 - x**4/12 - x**3/3 + 36*x**2. Let c be d(3). What is the tens digit of (542/(-2))/((-2)/2*c)?
7
Suppose -2*d + d + 5*j = 16, j - 8 = 5*d. What is the units digit of 3*(-1)/(2 + -3) + d?
2
Suppose -5*m + 21 = 4*l, 4*l + 6*m - 2*m - 20 = 0. Let a be l/(-10) - 5643/(-95). Let h = a - 26. What is the tens digit of h?
3
Let q = -2564 - -6401. Suppose 13*v - 1402 = q. What is the units digit of v?
3
Let u = 110 - 90. Suppose -n - 20634 = -u*n. What is the tens digit of n?
8
Let n be (-6)/(-3) - (3 - -19)*1. Let r be ((1/2)/((-2)/n))/(-1). Let z = 8 - r. What is the units digit of z?
3
What is the hundreds digit of (-315)/((-26946)/(-1800) + -15)?
5
Let c = -2186 - -1502. Let v = c + 982. What is the hundreds digit of v?
2
What is the tens digit of (0 + 1)/(15/(-620895)*-11)?
6
Let k(g) = 15*g - 44. Let r(j) = j**2 - 7*j + 3. Let o be r(7). Suppose 3*z + 21 = 3*b, 4*b - 43 = -4*z + o*z. What is the tens digit of k(b)?
0
Suppose 17*s = 92984 + 1247. What is the thousands digit of s?
5
Let u(d) = 88*d**2 + 475*d + 21. What is the thousands digit of u(-16)?
4
Let d(f) = 95*f**2 - 19*f - 16. What is the hundreds digit of d(-8)?
2
Let t be (-52)/(-14) + (-104)/(-364). Suppose 3*m + 3*u - 1459 = 428, -t*m - 3*u + 2519 = 0. What is the tens digit of m?
3
Suppose -2*b = 0, 5*a = b - 0*b. Suppose a = -9*o + 744 + 318. Suppose -o = -v - 41. What is the units digit of v?
7
Let p be 0/1*(-4)/(-8). Suppose -3*q - 4*q + 2079 = p. Suppose -x = 3*r - 51, 0*x = 5*x + r - q. What is the units digit of x?
0
Let h = -79 - -81. Suppose 0 = h*j + 4*j - 2514. What is the units digit of j?
9
Let x(v) be the third derivative of -v**6/120 - 11*v**5/60 + 7*v**4/12 + 5*v**3 + 30*v**2. Let b be x(-12). What is the tens digit of (-57*(-1)/b)/((-1)/(-12))?
1
Let t be (0 + (-2)/(-6))/((-3)/(-9)). Let b be (((-12)/(-16))/(-3))/(t/(-44)). Let q(n) = 8*n - 2. What is the tens digit of q(b)?
8
Suppose y + 1 = 0, -9*y + 13*y = 5*k - 19. Let d(w) = 101*w**2 - 126*w - 3. What is the tens digit of d(k)?
2
Let w(g) = -4*g**3 - g**2 + 3*g + 2. Let k(c) = -2*c - 11. Let y be k(-9). Suppose p = 5 - y. What is the units digit of w(p)?
4
Suppose -4*u = -w + 339, -5*w - u - 2*u + 1603 = 0. Let g = 668 - w. What is the units digit of g?
5
Let t be (448/20)/(-5 - (-827)/165). What is the units digit of (t/35)/((-1)/(-20))?
6
Let m = 601 + 435. Let n = -393 + m. What is the tens digit of n?
4
Let u(s) = -17*s**2 - 4*s**3 + 1 + 3*s**3 + 12*s**2 + 2. Let a(x) = -x**3 - 14*x**2 - 26*x - 29. Let j be a(-12). What is the units digit of u(j)?
3
What is the units digit of (-15 - (-968)/64)*5968?
6
What is the units digit of 11 + -30 + 17 + 54867?
5
Suppose -106*w + 2632120 = 32*w - 23*w. What is the tens digit of w?
8
Suppose 5*z - 15 = 0, 4*x = -25*z + 23*z + 243442. What is the units digit of x?
9
Suppose 0 = -3*s + 11883 - 3255. Let m = s + -1127. What is the tens digit of m?
4
Let x = -43685 + 77156. What is the ten thousands digit of x?
3
Suppose 1620 + 355 = o - 5*i, -4*o = i - 7837. What is the hundreds digit of o?
9
Suppose -8*m + 0 = -16. Suppose 4*f + f - 733 = -m*s, 0 = 3*f - 5*s - 415. What is the tens digit of f?
4
Let g = 3940 + -1915. What is the tens digit of 1/(g/(-1014) - -2)?
3
Suppose 2*y - 5*y = 3*f - 36, -y + 3*f = -8. Let h be y/(-4*(-5)/160). Suppose h = 4*k + 5*i, -3*i = -5*k - 8*i + 110. What is the tens digit of k?
2
Suppose 63*p = -39*p + 600882. What is the hundreds digit of p?
8
Suppose 111*k = -95*k + 179*k + 58590. What is the units digit of k?
0
Let t(o) = -o**3 + 17*o**2 - 32*o + 33. Let h be t(14). Suppose v - h = 267. What is the hundreds digit of v?
4
Let v(i) = 2*i**2 + 44*i - 43. Let r be v(-23). Let g be 96*4/18*3. Suppose 0 = -5*y, r*p - 4*p + 3*y = -g. What is the units digit of p?
4
Suppose 5*l = -2*r - 323, 55 = -2*l - 5*r - 91. Let k = 72 + l. Suppose k*v - 286 = 272. What is the tens digit of v?
6
Let c(v) be the first derivative of -3*v**4/4 - v**3/3 + 3*v**2/2 + 7*v - 1553. Let z = -5 + 3. What is the tens digit of c(z)?
2
Let j be (1 - (-2)/4)*(-75 + 61). Let d(i) = -i**2 - 54*i - 24. What is the hundreds digit of d(j)?
6
Let z(j) = -j**2 - 352*j - 598. What is the hundreds digit of z(-48)?
9
What is the ten thousands digit of 30884/2*(7 + -3)?
6
Let r be (-122)/(-8) - 21/(-28). Suppose 15*x - r*x + 25 = 0. Let g = 110 + x. What is the units digit of g?
5
Let z be (-132 - 1)/(0 - 4/8). Let p = 337 - z. What is the tens digit of p?
7
Suppose -3*p - 3*o - 90 = -8*p, 0 = -2*p - 2*o + 20. Suppose -p*w - 52 = -2*w. What is the units digit of -2 - -3 - ((-3 - w) + -189)?
9
Let h(b) = -207*b - 117. What is the units digit of h(-6)?
5
Let r be (5 + 3046/8)/(2/8). Let u = r - 873. What is the hundreds digit of u?
6
Let k(n) = -n**3 + 16*n**2 - 35*n - 3. Let z be k(3). Suppose -6*s + z*s - 1317 = 0. What is the units digit of s?
9
Suppose -2*n = -4*y + 2006, -4*n - 3*y - 4023 = -0*n. Let s = n - -1477. What is the tens digit of s?
7
Let n = 57646 - 25898. What is the thousands digit of n?
1
Suppose a + 2 = -4. Let x be (a - -1)/(10/(-4)). Suppose -x*h = -8*h + 168. What is the units digit of h?
8
Let o(r) = -230*r + 1099. What is the hundreds digit of o(4)?
1
Let o = 2816 + -2646. What is the tens digit of o?
7
Let j = -10679 - -20268. What is the thousands digit of j?
9
Let b = 13 - 13. Suppose b = i - 3*i + 98. Sup